hat is the remainder when l is divided by y(u)?
47
Let l = 7627 + -7622. What is the remainder when 188 is divided by l?
3
Suppose 0 = -3*p + 7*p. Let q(h) = -2*h**3 + 154*h**2 + 149*h + 790. Calculate the remainder when q(78) is divided by p + 0 + 124/2.
58
Let a(o) = -7*o - 19*o + 26 - 20*o + 32*o - o**2. What is the remainder when 329 is divided by a(-15)?
10
Let s(b) = b**3 - 3*b**2 + 11*b - 18. Calculate the remainder when s(5) is divided by ((-3)/(-6))/((-1)/(-26)).
9
Calculate the remainder when (-18 - (2 + -15)) + (-1911)/(-3) is divided by 196.
44
What is the remainder when 489 is divided by (-5076)/(-48) - -27 - ((-6)/(-8))/(-3)?
90
Suppose -2*k + 30 + 73 = l, 0 = -4*k. Let h(x) = 39*x - 97. Let r be h(2). What is the remainder when l is divided by 76/r*((-34)/8 - 1)?
19
Let h(g) = -8*g - 3. Let n be h(-1). Let p(u) = -3*u - u - 7*u - n + 9*u**2. Calculate the remainder when p(4) is divided by 32.
31
Let u be (15 - 1)*(-2)/(-4). What is the remainder when (-2 + 1)*(14 - 88) is divided by (-3)/(-6) + -6*u/(-4)?
8
What is the remainder when 724 is divided by (-6)/(9 + -7)*(-181)/3?
0
Let w(c) = 2*c**2 + c - 40. Let y be w(-13). Suppose 4*i - 19*i + y = 0. What is the remainder when 30 is divided by i?
11
Let h = -6097 - -6734. Calculate the remainder when h is divided by 289.
59
Suppose -d = -5*o - 39, 3*d = 244*o - 245*o + 117. Let q be 10/(-4)*(-12)/10. Suppose -q*w = -w - 16. Calculate the remainder when d is divided by w.
7
Let o(x) = 2*x**2 + 15*x + 22. Let b be o(-6). What is the remainder when b*(-5)/50 + 577/5 is divided by 44?
27
Suppose 5 + 19 = -4*b. Let q(o) = -2*o**3 - 7*o**2 - 15*o - 4. Let m be q(b). Suppose -1398 = -8*u + m. What is the remainder when u is divided by 10?
8
Suppose -5864 - 5886 = -25*z. Suppose -15*a + z = 140. Suppose n - 29 = 3*w, 2*n - 3*w - 57 = -n. Calculate the remainder when a is divided by n.
8
Suppose 0 = -0*g + 5*g - 20, 43 = 5*x + 2*g. Suppose 0 = 3*z + 7 - x. Suppose z = 4*i + 13 - 61. What is the remainder when 83 is divided by i?
11
Suppose 0 = -3*c - 2*c + 30. Suppose -g - c*g = -427. Let u = g + 1. Calculate the remainder when u is divided by 21.
20
Let k = 292 + -180. Let v = k - 154. Let u = 123 + v. What is the remainder when u is divided by 43?
38
Suppose 24 = -14*j + 8*j. Let b(w) = -2*w**2 - 12*w - 12. Calculate the remainder when 9 is divided by b(j).
1
Suppose -134*j + 189*j - 6270 = 0. What is the remainder when 2961 is divided by j?
111
Calculate the remainder when 2202 is divided by (2/((-153)/27 + 5))/(4/(-196)).
144
Let p(v) = -2795*v - 16759. Suppose 0*n = n - 39. Calculate the remainder when n is divided by p(-6).
6
Let p = 115 + -48. What is the remainder when 1003 is divided by p?
65
Let w(n) = -15*n**3 - 14*n**2 - 224*n - 27. What is the remainder when w(-9) is divided by 13?
12
Calculate the remainder when (-2)/(-7) + (-332)/(-14) is divided by -21*6/63*-7.
10
Let v = 50 - 26. Suppose m + 0*m - 285 = 0. Suppose 0 = 3*p - 3*b - m, 0*p + 2*p + 4*b = 172. What is the remainder when p is divided by v?
20
What is the remainder when 110 + ((-3)/3*-1 - 0) is divided by 3*3 - (199 + -204)?
13
Let i = -13034 + 13570. What is the remainder when i is divided by 79?
62
Let b(l) = -53*l - 8124. What is the remainder when b(-154) is divided by 2/1 + 10 + 1?
12
Suppose -32*s + 7400 = -2648. Let u = s + -308. Calculate the remainder when 137 is divided by u.
5
Suppose 4*x - 6 = -4*i + 222, i - 25 = 3*x. Suppose 0*s = -4*s + 12. Suppose -s*y - y = -44. Calculate the remainder when i is divided by y.
5
Suppose -36*c - 6*c + 4154 = 2180. Suppose -2*o + 365 = d, 3*d - d + 3*o = 735. Calculate the remainder when d is divided by c.
46
Suppose -143*m + 145*m = 294. Let c = m - 83. Calculate the remainder when (((-9)/(-2))/(-3))/(c/(-1920)) is divided by 17.
11
Let r be (-178)/9 - 20/90. Let g = r + 20. Suppose g = -2*w - 2*v + 18, -v - 13 = -0*w - w. What is the remainder when 17 is divided by w?
6
Let w = 31351 - 30754. Calculate the remainder when w is divided by 38.
27
Let r(n) = n**2 + 177*n + 3626. What is the remainder when 1075 is divided by r(-21)?
25
Suppose -100*q - 14*q + 1404 + 648 = 0. Calculate the remainder when 572 is divided by q.
14
Suppose 85 - 2892 = -8*u + 3665. Calculate the remainder when u is divided by 120.
89
Let a = 30174 + -30155. What is the remainder when 4898 is divided by a?
15
Suppose -40*w + 169495 = 4815. What is the remainder when w is divided by 10?
7
Let h(j) be the first derivative of -j**2/2 + 5*j - 4. Let o(w) = -w + 4. Let g(l) = 3*h(l) - 2*o(l). What is the remainder when 13 is divided by g(0)?
6
Let j(l) = -l - 5. Let w be j(-6). Let i be w/2 + (-6)/(-4). What is the remainder when 74 is divided by i/(-6) + 232/12?
17
Let w(h) = -10 + 795*h - h**2 + 3*h**2 - 793*h. What is the remainder when 262 is divided by w(4)?
22
Suppose -2*r - 106 = 5*v - 12, v - 5*r = -8. Let s = v + 39. What is the remainder when 82 is divided by s?
19
What is the remainder when 4109 is divided by 25/((-2)/(16/(-20))) + (3 - -2)?
14
Let i(w) = -8*w + 6. Let y be i(2). Let n be (0 - -2) + (y - -6). Calculate the remainder when 4 - (n + 6 + -88) is divided by 23.
19
Suppose 0 = b + 9 - 9. Suppose -2*a + 0 + 22 = b. Let y(o) = o**3 - 12*o**2 + 12*o + 7. What is the remainder when y(a) is divided by 7?
4
Let w be ((-5)/(-3))/(((-51)/36)/(-17)). Suppose w = 32*z - 908. Calculate the remainder when 289 is divided by z.
28
Let u(r) = -4*r - 133. Let m be u(-38). Suppose 24 = 23*c - m*c. Calculate the remainder when 119 is divided by c.
5
Let f(n) = -n**3 - 30*n**2 - 26*n + 30. What is the remainder when f(-30) is divided by 270?
0
Let d be (3 + -1)/(8/(-4)). Let k be (d/1)/(21/(-42)). Suppose -f + 5*y - 9 = 0, -2*y - k*y = 4*f - 36. Calculate the remainder when 14 is divided by f.
2
Suppose 5*d - d - 4 = 0. Let j(x) = -2. Let z(s) = 19*s - 8. Let i(l) = -5*j(l) + z(l). What is the remainder when i(d) is divided by 4?
1
Suppose i - 3*q - 39 = 4, 4*i = q + 117. Let k be 4*(5/(-6) - 7/(-3)). Calculate the remainder when 424/k*(-57)/(-76) is divided by i.
25
Let i = 123 + -120. Let g(r) = -2*r**2 - 13*r + 8. Let a(l) = -l - 1. Let z(n) = i*a(n) + g(n). Calculate the remainder when 72 is divided by z(-7).
15
What is the remainder when 189 is divided by (1 + 1)*1584/(-128)*-4?
90
Suppose 69 = 4*r + 17. Let s(l) = -2. Let w(z) = 8*z + 29. Let h(g) = s(g) - w(g). Calculate the remainder when h(-10) is divided by r.
10
Let d(w) = 8*w**2 - 5*w - 1. Let c(k) = k**2 - 17*k + 32. Let i be c(15). What is the remainder when 45 is divided by d(i)?
3
Suppose 2*m = -5*b + 1877, -940 = -m - 0*m - 3*b. Let h = m - 372. Calculate the remainder when h is divided by 14.
13
Suppose 38 = 2*u + 5*q - 31, -260 = -5*u + 5*q. Suppose w - u + 38 = 0. Calculate the remainder when w is divided by 3.
0
Let l(i) = i + 49. Let t be l(-33). Suppose -5*y + 15*s - 12*s + 78 = 0, 0 = y - s - t. What is the remainder when y is divided by 10?
5
Suppose -5*q - 3*p = -28, -5*q + 25 + 5 = 5*p. Suppose q*j = 2*l - 334, -3*j - j - 835 = -5*l. Calculate the remainder when l is divided by 16.
7
Suppose 0 = 14*l + 5*l - 95. Suppose 2*a - l*a = -n - 544, 2*a - 2*n - 360 = 0. What is the remainder when a is divided by 39?
26
Let c(v) = 2*v - 230. Let i be c(-14). Let l = i + 276. What is the remainder when 141 is divided by l?
15
Let j(q) be the first derivative of 65*q**2/2 - 9*q - 6. What is the remainder when j(3) is divided by 11?
10
Suppose -2505 = -5*i + 3340. Calculate the remainder when i is divided by 34.
13
Let m = -314 + 340. Suppose m*c = 17*c + 153. What is the remainder when c is divided by 12?
5
Let x(n) = -3*n**2 + 4*n**2 + 3 + n**3 + 4*n**2 - 3*n. Calculate the remainder when x(4) is divided by ((-8)/(-20))/(12/50)*(-3108)/(-370).
9
Let l = 465 - 453. Suppose 0 = -l*z + 175 + 29. Calculate the remainder when z is divided by 5.
2
Suppose 70 = 15*z + 25. What is the remainder when 3/(-2)*(-118)/z is divided by 12/7*(2 + (-10)/(-2))?
11
Let a = -104 + 26. Let k = -62 - -53. Calculate the remainder when (-12)/k*3*a/(-6) is divided by 11.
8
Suppose -172*l - 101176 = -180*l. What is the remainder when l is divided by 11?
8
Let h = -9 - -14. Let f be -1 - (-6)/(-12)*(-3 - -1). Suppose 4*k - h - 11 = f. What is the re